nder when 67 is divided by r.
11
Let i(j) = -17*j**2 + 1396*j - 125. Let v(k) = -2*k**3 - 10*k**2 - 7*k. What is the remainder when v(-6) is divided by i(82)?
36
Suppose -2*o + 0 = -16. Suppose -4*y + 3*x - 2*x - 44 = 0, -4*y = -2*x + 48. What is the remainder when y - -9 - (1 - 39) is divided by o?
5
Let j(o) be the first derivative of -7*o**2/2 - 16*o - 14. What is the remainder when 49 is divided by j(-6)?
23
Let p(r) = -r**3 - 21*r**2 - 22*r - 15. Let f be p(-20). What is the remainder when 47 is divided by f - (48/(-2))/(-6)?
5
Let r(b) = -4*b**3 - b + 7. Let f be r(3). Let i be 10/35 + (-72)/7. Let l = i - f. What is the remainder when l is divided by 24?
22
Suppose 0 = -21*o + 20*o + 6. What is the remainder when o is divided by (-2)/(1/4*-2)?
2
Let m = 124 - 80. Let u(j) = -j**3 - 4*j**2 + 21*j + 54. Let d be u(-5). Let y = m + d. What is the remainder when y is divided by 7?
4
Let o = 54 + -50. Let u = -12 - -29. Calculate the remainder when u is divided by (-5 - -4)/4 - (-25)/o.
5
Let b = 144 + -124. What is the remainder when b is divided by 3?
2
Suppose 0 = 63*n - 54*n - 756. Calculate the remainder when n is divided by 5.
4
Let f(i) = -38*i - 67. What is the remainder when f(-3) is divided by 19?
9
Suppose -73*h = -130*h + 969. What is the remainder when 354 is divided by h?
14
Let f(w) be the second derivative of w**4/3 - 2*w**3/3 + 3*w**2 + 3*w. Let g be f(4). Let x = g - 36. Calculate the remainder when 52 is divided by x.
16
What is the remainder when 134 is divided by (-119)/(-17) + 108/(-8)*-2?
32
Let l(t) = -t**3 - t + 4. Let f be l(0). Suppose -3*i = -4*q + 76, 6*i - 8 = -q + f*i. What is the remainder when 76 is divided by q?
12
Let w(o) = 8*o - 80. What is the remainder when 791 is divided by w(21)?
87
Let n be -1 - (0 - -1 - -1). Let t = 88 + -24. What is the remainder when t is divided by n*(52/(-18))/((-2)/(-3))?
12
Suppose 6*a = 2*a + 76. Calculate the remainder when a is divided by 10.
9
Suppose n + 3*n + 5*z = 26, 3*n - z = 10. Suppose 11*l + 5*f - 35 = 6*l, -4*l + 52 = -2*f. What is the remainder when l is divided by n?
3
Let d = -374 + 653. What is the remainder when d is divided by 28?
27
Suppose -16*v = -18*v + 86. Calculate the remainder when 150 is divided by v.
21
Let w = -390 - -684. What is the remainder when w is divided by 33?
30
Let u = -673 - -1007. What is the remainder when u is divided by 7?
5
Let z be (-3)/((-9)/(-39)) + 1. Let t = 6 + z. Calculate the remainder when 7 is divided by (3/(-1) - t) + -1.
1
Let a = -225 - -240. Calculate the remainder when 41 is divided by a.
11
Suppose u + 15 = 5*x + 2*u, -2*x - 2*u - 2 = 0. Suppose -5*a - x*o + 43 = 0, -2*a + o + 1 + 11 = 0. What is the remainder when 33 is divided by a?
5
Calculate the remainder when 52/(-6)*(-2 + -1) is divided by 18/1 - (0 + -8 + 11).
11
Suppose 12*o - 193 + 61 = 0. Suppose 299 = 2*k + o*k. Calculate the remainder when k is divided by 4.
3
Let r(z) = z**3 + 7*z**2 + 8*z - 5. Calculate the remainder when 72 is divided by r(-5).
2
Suppose -p = -o + 2, 2*o + 2 = -4*p + 18. Let i = -38 - -33. What is the remainder when i*(-4)/40*12 is divided by p?
0
What is the remainder when (-180)/(-4) + (1 - 4) is divided by 11?
9
Let i = 1348 + -1341. What is the remainder when 82 is divided by i?
5
Let h = -156 - -209. Calculate the remainder when 189 is divided by h.
30
Let l be 4 - -4*19/(-2). Let f be -1*28 + (-5)/5. Let o = f - l. Calculate the remainder when 11 is divided by o.
1
Let v be (-2)/(-4)*(0 + 4). Suppose 0 = 2*c - 16 - v. Suppose -2*w - 3*w - 105 = -5*a, -70 = -5*a - 2*w. Calculate the remainder when a is divided by c.
7
Let v = -45 - -47. Calculate the remainder when 3*((-20)/(-3) - 1) is divided by v.
1
Let w(c) = c**2 + 39*c + 203. Let l be (27/(-12))/(2/8). What is the remainder when (0 - -1)*-1 - l is divided by w(-6)?
3
Let o(m) = 11*m - 10. Let a be 2 + (-1)/1 + -3. Calculate the remainder when o(4) is divided by (18/(-4))/(a/4).
7
What is the remainder when 54 is divided by (-12)/(-72) + (-214)/(-12)?
0
Suppose -688 = -26*b - 17*b. What is the remainder when 1646 is divided by b?
14
Let h = -239 + 264. What is the remainder when 73 is divided by h?
23
Suppose p + 36 = 10*p. Suppose 0 = -4*r - p*r + 144. What is the remainder when r is divided by 6?
0
Suppose -i = s - 433, 2*s + 20*i - 17*i = 863. Calculate the remainder when s is divided by 44.
40
Suppose -13*c + 6666 - 1895 = 0. What is the remainder when c is divided by 53?
49
Let m = -225 - -64. What is the remainder when 21/24 + (-5)/(-40) - m is divided by 33?
30
Suppose 0 = -0*l + 3*l - 144. Calculate the remainder when 57 is divided by 16/l + 118/6.
17
Let t = -7 - -7. Suppose t = -4*r + 3*r + 95. Calculate the remainder when r is divided by 9/(-4)*32/(-3).
23
Suppose -4*z + 34 = -2*z. What is the remainder when z is divided by 6?
5
Let b(v) = 4*v**2 - 8*v - 4. Let f(n) = n**2 - 10*n + 19. Calculate the remainder when b(-3) is divided by f(11).
26
Let c(w) = -w**3 - 7*w**2 + 3*w - 27. Suppose 0 = v - 2 + 10. Calculate the remainder when 25 is divided by c(v).
12
Suppose 0 = -11*k - 10 - 1. Calculate the remainder when 0 + (-44)/(-3 + k) is divided by 3.
2
Let y = -7 + 4. Let a be -5 - (2 - 5) - y. Calculate the remainder when 20 is divided by 1/a*(-44)/(-4).
9
Suppose -76 = -2*u - 5*f + 6*f, 5*u = 3*f + 188. What is the remainder when 783/4 + (-2)/(-8) is divided by u?
36
Suppose 0 = -21*k + 430 + 704. Calculate the remainder when k is divided by 19.
16
Let v = 6 - 8. Let j be (-42)/(2/8*v). Suppose m + j = 4*m. Calculate the remainder when 110 is divided by m.
26
Let w(t) = 2*t**2 + 35*t - 144. Calculate the remainder when 100 is divided by w(-22).
46
Let d(a) = 19*a - 17. Suppose 3*n = -5*n + 16. Suppose 3*g = 2*k + 15, g - 15 + n = -2*k. What is the remainder when d(g) is divided by 39?
38
Let c(k) = -22 + 7 - 3*k**2 + 4*k**2 - 13. Let p be c(0). Let x = 45 + p. Calculate the remainder when 50 is divided by x.
16
Suppose -66 = -4*k + 2*t, 2*k + 26 = 3*t + 69. Suppose 3*b + 2*z + 0*z = 154, 4*z = -b + 38. Calculate the remainder when b is divided by k.
12
Let s(k) = -3*k**3 - 48*k**2 + k + 41. Calculate the remainder when s(-16) is divided by 13.
12
Let k(r) = 11*r**2 - 4 - 7*r - r**3 + 14*r - 10*r - 4*r**2. Let g be k(6). Suppose a - g - 10 = 0. What is the remainder when a is divided by 9?
6
Let f be (-8)/(-20) - (-112)/20. Suppose f*j - 11*j = 0. Let k(g) = -g**2 + g + 18. Calculate the remainder when k(j) is divided by 10.
8
Suppose j - 4*b + 192 = 3*j, -2*j + 178 = -3*b. What is the remainder when (-2 + -1*j/(-12))*6 is divided by 9?
7
Suppose 449 = 2*i - 5*i - 4*q, 0 = 5*i - 4*q + 791. Calculate the remainder when 3*i/(-15) + -4 is divided by 14.
13
Suppose 0 = -6*g + 5*g + 31. What is the remainder when 959 is divided by g?
29
Suppose -116 - 183 = -13*v. What is the remainder when v is divided by 12?
11
Calculate the remainder when 6 + 2715/60 - (-6)/8 is divided by -12*2*3/(-12).
4
Calculate the remainder when 43 is divided by 1125/100 - (-1 + 5/4).
10
Let f = 35 + 24. Suppose -2*k + 40 = -0*k. Calculate the remainder when f is divided by k.
19
What is the remainder when (-150 + (7 - 5))*2/(-4) is divided by ((-9)/6)/(15/(-130))?
9
Let x(o) = 4*o + 17. What is the remainder when 30 is divided by x(0)?
13
Let r(s) = 11*s**3 + 5*s - 3. Let c be r(2). Let y = -65 + c. Calculate the remainder when 89 is divided by y.
29
Suppose 626 = 32*v - 206. What is the remainder when 620 is divided by v?
22
Let z(i) = 9*i. Let n be z(1). Let l = n + -2. What is the remainder when 27 is divided by l?
6
Let r = -585 + 729. What is the remainder when r is divided by 2?
0
Let d(x) = 2*x - 2*x**2 + 13 + x**2 - 2*x**3 - 16. Let h be d(-3). Let k = h - 4. What is the remainder when k is divided by 11?
10
Suppose -382 = 41*p - 45*p - 5*w, -4*p + 3*w = -334. Let t be 14/6 - (-4)/(-12). Calculate the remainder when p is divided by 2 + 15 - t/(-2).
16
Let c(p) = 4*p**2 - 95*p + 125. What is the remainder when 114 is divided by c(23)?
2
Suppose 4 = -6*a + 46. Calculate the remainder when 35 is divided by a.
0
Suppose -3672 = -7*y - 20*y. What is the remainder when y is divided by 46?
44
Suppose 0 = -5*a - 14*a + 2641. Calculate the remainder when a is divided by 18.
13
Suppose 